{"id":6057,"date":"2023-04-03T09:55:45","date_gmt":"2023-04-03T08:55:45","guid":{"rendered":"https:\/\/www.gemeinde-rossau.de\/?page_id=6057"},"modified":"2023-04-03T12:55:22","modified_gmt":"2023-04-03T11:55:22","slug":"barrierefreiheit","status":"publish","type":"page","link":"https:\/\/www.gemeinde-rossau.de\/index.php\/barrierefreiheit\/","title":{"rendered":"Barrierefreiheit"},"content":{"rendered":"\t\t<div data-elementor-type=\"wp-page\" data-elementor-id=\"6057\" class=\"elementor elementor-6057\">\n\t\t\t\t\t\t<div class=\"elementor-inner\">\n\t\t\t\t<div class=\"elementor-section-wrap\">\n\t\t\t\t\t\t\t\t\t<section class=\"elementor-section elementor-top-section elementor-element elementor-element-f874dc1 elementor-section-boxed elementor-section-height-default elementor-section-height-default\" data-id=\"f874dc1\" data-element_type=\"section\">\n\t\t\t\t\t\t<div class=\"elementor-container elementor-column-gap-default\">\n\t\t\t\t\t\t\t<div class=\"elementor-row\">\n\t\t\t\t\t<div class=\"elementor-column elementor-col-100 elementor-top-column elementor-element elementor-element-c84e2ea\" data-id=\"c84e2ea\" data-element_type=\"column\">\n\t\t\t<div class=\"elementor-column-wrap elementor-element-populated\">\n\t\t\t\t\t\t\t<div class=\"elementor-widget-wrap\">\n\t\t\t\t\t\t<div class=\"elementor-element elementor-element-79c3a88 elementor-widget elementor-widget-text-editor\" data-id=\"79c3a88\" data-element_type=\"widget\" data-widget_type=\"text-editor.default\">\n\t\t\t\t<div class=\"elementor-widget-container\">\n\t\t\t\t\t\t\t\t<div class=\"elementor-text-editor elementor-clearfix\">\n\t\t\t\t<h2><strong>Erkl\u00e4rung zur Barrierefreiheit<\/strong><\/h2><p>Die Gemeindeverwaltung Rossau ist bem\u00fcht, ihre Webseite in \u00dcbereinstimmung mit S\u00e4chsischem Inklusionsgesetz (S\u00e4chsInklusG) und Barrierefreie-Websites-Gesetz (BfWebG) in Verbindung mit der Barrierefreie-Informationstechnik-Verordnung (BITV 2.0) barrierefrei zug\u00e4nglich zu machen. Das BfWebG wird erg\u00e4nzt durch die Barrierefreie-Websites-Verordnung (BfWebVO). Diese Gesetze sind im Einklang mit der Richtlinie (EU) 2016\/2102 verfasst.<\/p><p>Diese Erkl\u00e4rung zur Barrierefreiheit gilt f\u00fcr <span style=\"text-decoration: underline;\"><a href=\"https:\/\/www.gemeinde-rossau.de\"><span style=\"color: #3366ff; text-decoration: underline;\">www.gemeinde-rossau.de<\/span><\/a>.<\/span><\/p><h3><strong><span style=\"color: #000000;\">Stand der Barrierefreiheit<\/span><\/strong><\/h3><p>Grundlage der Barrierefreiheit sind die international g\u00fcltigen Web Content Accessibility Guidelines (WCAG 2.1) auf Konformit\u00e4tsstufe AA und die europ\u00e4ische Norm EN 301 549, Version 3.2.1. F\u00fcr PDF-Dokumente wird zus\u00e4tzlich der internationale Standard PDF\/UA-1 beachtet.<br \/>Diese Webseite ist nach den oben genannten Richtlinien nur teilweise barrierefrei.<\/p><h3><strong>Nicht barrierefreie Inhalte<\/strong><\/h3><p>Formulare, Brosch\u00fcren und PDF-Dateien sind derzeit noch nicht alle barrierefrei.\u00a0<\/p><p>Falls Sie etwas ben\u00f6tigen, was noch nicht barrierefrei genutzt werden kann, dann senden Sie uns eine E-Mail.<\/p><h3><strong>Erstellung der Erkl\u00e4rung<\/strong><\/h3><p>Diese Erkl\u00e4rung wurde am 06.03.2023 erstellt.\u00a0 Diese Erkl\u00e4rung wurde zuletzt am 06.03.2023 aktualisiert.<\/p><p>Den Stand der Barrierefreiheit ermitteln wir kontinuierlich durch eigene Pr\u00fcfung.<\/p><h3><strong>Feedback und Kontaktangaben<\/strong><\/h3><p>Wenn Ihnen M\u00e4ngel zur Barrierefreiheit an unserer Webseite auffallen oder wenn Sie Informationen zu nicht barrierefreien Inhalten ben\u00f6tigen, k\u00f6nnen Sie sich an uns wenden:<\/p><p><span style=\"color: #3366ff;\"><a style=\"color: #3366ff;\" href=\"mailto:post@gemeinde-rossau.de\">post@gemeinde-rossau.de<\/a><\/span><\/p><p>Gemeindeverwaltung Rossau<br \/>Hauptstr. 99<br \/>09661 Rossau<\/p><p>03727-984158 oder 03727-984150<\/p><p>Wir werden versuchen, die mitgeteilten M\u00e4ngel zu beseitigen bzw. Ihnen nicht zug\u00e4ngliche Informationen in barrierefreier Form zur Verf\u00fcgung zu stellen.<\/p>\t\t\t\t\t<\/div>\n\t\t\t\t\t\t<\/div>\n\t\t\t\t<\/div>\n\t\t\t\t\t\t<\/div>\n\t\t\t\t\t<\/div>\n\t\t<\/div>\n\t\t\t\t\t\t\t\t<\/div>\n\t\t\t\t\t<\/div>\n\t\t<\/section>\n\t\t\t\t\t\t\t\t\t<\/div>\n\t\t\t<\/div>\n\t\t\t\t\t<\/div>\n\t\t","protected":false},"excerpt":{"rendered":"<p>Erkl\u00e4rung zur Barrierefreiheit Die Gemeindeverwaltung Rossau ist bem\u00fcht, ihre Webseite in \u00dcbereinstimmung mit S\u00e4chsischem Inklusionsgesetz (S\u00e4chsInklusG) und Barrierefreie-Websites-Gesetz (BfWebG) in Verbindung mit der Barrierefreie-Informationstechnik-Verordnung (BITV 2.0) barrierefrei zug\u00e4nglich zu machen. Das BfWebG wird erg\u00e4nzt durch die Barrierefreie-Websites-Verordnung (BfWebVO). Diese Gesetze sind im Einklang mit der Richtlinie (EU) 2016\/2102 verfasst. Diese Erkl\u00e4rung zur Barrierefreiheit gilt f\u00fcr [&hellip;]<\/p>\n","protected":false},"author":5,"featured_media":0,"parent":0,"menu_order":0,"comment_status":"closed","ping_status":"closed","template":"","meta":{"_expiration-date-status":"","_expiration-date":0,"_expiration-date-type":"","_expiration-date-categories":[],"_expiration-date-options":[],"_links_to":"","_links_to_target":""},"acf":[],"yoast_head":"<!-- This site is optimized with the Yoast SEO plugin v19.13 - https:\/\/yoast.com\/wordpress\/plugins\/seo\/ -->\n<title>Barrierefreiheit | Gemeindeverwaltung Rossau<\/title>\n<meta name=\"robots\" content=\"index, follow, max-snippet:-1, max-image-preview:large, max-video-preview:-1\" \/>\n<link rel=\"canonical\" href=\"https:\/\/www.gemeinde-rossau.de\/index.php\/barrierefreiheit\/\" \/>\n<meta property=\"og:locale\" content=\"de_DE\" \/>\n<meta property=\"og:type\" content=\"article\" \/>\n<meta property=\"og:title\" content=\"Barrierefreiheit | Gemeindeverwaltung Rossau\" \/>\n<meta property=\"og:description\" content=\"Erkl\u00e4rung zur Barrierefreiheit Die Gemeindeverwaltung Rossau ist bem\u00fcht, ihre Webseite in \u00dcbereinstimmung mit S\u00e4chsischem Inklusionsgesetz (S\u00e4chsInklusG) und Barrierefreie-Websites-Gesetz (BfWebG) in Verbindung mit der Barrierefreie-Informationstechnik-Verordnung (BITV 2.0) barrierefrei zug\u00e4nglich zu machen. Das BfWebG wird erg\u00e4nzt durch die Barrierefreie-Websites-Verordnung (BfWebVO). Diese Gesetze sind im Einklang mit der Richtlinie (EU) 2016\/2102 verfasst. Diese Erkl\u00e4rung zur Barrierefreiheit gilt f\u00fcr [&hellip;]\" \/>\n<meta property=\"og:url\" content=\"https:\/\/www.gemeinde-rossau.de\/index.php\/barrierefreiheit\/\" \/>\n<meta property=\"og:site_name\" content=\"Gemeindeverwaltung Rossau\" \/>\n<meta property=\"article:modified_time\" content=\"2023-04-03T11:55:22+00:00\" \/>\n<meta name=\"twitter:card\" content=\"summary_large_image\" \/>\n<meta name=\"twitter:label1\" content=\"Gesch\u00e4tzte Lesezeit\" \/>\n\t<meta name=\"twitter:data1\" content=\"2\u00a0Minuten\" \/>\n<script type=\"application\/ld+json\" class=\"yoast-schema-graph\">{\"@context\":\"https:\/\/schema.org\",\"@graph\":[{\"@type\":\"WebPage\",\"@id\":\"https:\/\/www.gemeinde-rossau.de\/index.php\/barrierefreiheit\/\",\"url\":\"https:\/\/www.gemeinde-rossau.de\/index.php\/barrierefreiheit\/\",\"name\":\"Barrierefreiheit | Gemeindeverwaltung Rossau\",\"isPartOf\":{\"@id\":\"https:\/\/www.gemeinde-rossau.de\/#website\"},\"datePublished\":\"2023-04-03T08:55:45+00:00\",\"dateModified\":\"2023-04-03T11:55:22+00:00\",\"breadcrumb\":{\"@id\":\"https:\/\/www.gemeinde-rossau.de\/index.php\/barrierefreiheit\/#breadcrumb\"},\"inLanguage\":\"de\",\"potentialAction\":[{\"@type\":\"ReadAction\",\"target\":[\"https:\/\/www.gemeinde-rossau.de\/index.php\/barrierefreiheit\/\"]}]},{\"@type\":\"BreadcrumbList\",\"@id\":\"https:\/\/www.gemeinde-rossau.de\/index.php\/barrierefreiheit\/#breadcrumb\",\"itemListElement\":[{\"@type\":\"ListItem\",\"position\":1,\"name\":\"Home\",\"item\":\"https:\/\/www.gemeinde-rossau.de\/\"},{\"@type\":\"ListItem\",\"position\":2,\"name\":\"Barrierefreiheit\"}]},{\"@type\":\"WebSite\",\"@id\":\"https:\/\/www.gemeinde-rossau.de\/#website\",\"url\":\"https:\/\/www.gemeinde-rossau.de\/\",\"name\":\"Gemeindeverwaltung Rossau\",\"description\":\"Gemeindeverwaltung Rossau\",\"publisher\":{\"@id\":\"https:\/\/www.gemeinde-rossau.de\/#organization\"},\"potentialAction\":[{\"@type\":\"SearchAction\",\"target\":{\"@type\":\"EntryPoint\",\"urlTemplate\":\"https:\/\/www.gemeinde-rossau.de\/?s={search_term_string}\"},\"query-input\":\"required name=search_term_string\"}],\"inLanguage\":\"de\"},{\"@type\":\"Organization\",\"@id\":\"https:\/\/www.gemeinde-rossau.de\/#organization\",\"name\":\"Gemeindeverwaltung Rossau\",\"url\":\"https:\/\/www.gemeinde-rossau.de\/\",\"logo\":{\"@type\":\"ImageObject\",\"inLanguage\":\"de\",\"@id\":\"https:\/\/www.gemeinde-rossau.de\/#\/schema\/logo\/image\/\",\"url\":\"https:\/\/www.gemeinde-rossau.de\/wp-content\/uploads\/2019\/06\/Rossau_Navigation-e1574972262765.png\",\"contentUrl\":\"https:\/\/www.gemeinde-rossau.de\/wp-content\/uploads\/2019\/06\/Rossau_Navigation-e1574972262765.png\",\"width\":76,\"height\":100,\"caption\":\"Gemeindeverwaltung Rossau\"},\"image\":{\"@id\":\"https:\/\/www.gemeinde-rossau.de\/#\/schema\/logo\/image\/\"}}]}<\/script>\n<!-- \/ Yoast SEO plugin. -->","yoast_head_json":{"title":"Barrierefreiheit | Gemeindeverwaltung Rossau","robots":{"index":"index","follow":"follow","max-snippet":"max-snippet:-1","max-image-preview":"max-image-preview:large","max-video-preview":"max-video-preview:-1"},"canonical":"https:\/\/www.gemeinde-rossau.de\/index.php\/barrierefreiheit\/","og_locale":"de_DE","og_type":"article","og_title":"Barrierefreiheit | Gemeindeverwaltung Rossau","og_description":"Erkl\u00e4rung zur Barrierefreiheit Die Gemeindeverwaltung Rossau ist bem\u00fcht, ihre Webseite in \u00dcbereinstimmung mit S\u00e4chsischem Inklusionsgesetz (S\u00e4chsInklusG) und Barrierefreie-Websites-Gesetz (BfWebG) in Verbindung mit der Barrierefreie-Informationstechnik-Verordnung (BITV 2.0) barrierefrei zug\u00e4nglich zu machen. Das BfWebG wird erg\u00e4nzt durch die Barrierefreie-Websites-Verordnung (BfWebVO). Diese Gesetze sind im Einklang mit der Richtlinie (EU) 2016\/2102 verfasst. Diese Erkl\u00e4rung zur Barrierefreiheit gilt f\u00fcr [&hellip;]","og_url":"https:\/\/www.gemeinde-rossau.de\/index.php\/barrierefreiheit\/","og_site_name":"Gemeindeverwaltung Rossau","article_modified_time":"2023-04-03T11:55:22+00:00","twitter_card":"summary_large_image","twitter_misc":{"Gesch\u00e4tzte Lesezeit":"2\u00a0Minuten"},"schema":{"@context":"https:\/\/schema.org","@graph":[{"@type":"WebPage","@id":"https:\/\/www.gemeinde-rossau.de\/index.php\/barrierefreiheit\/","url":"https:\/\/www.gemeinde-rossau.de\/index.php\/barrierefreiheit\/","name":"Barrierefreiheit | Gemeindeverwaltung Rossau","isPartOf":{"@id":"https:\/\/www.gemeinde-rossau.de\/#website"},"datePublished":"2023-04-03T08:55:45+00:00","dateModified":"2023-04-03T11:55:22+00:00","breadcrumb":{"@id":"https:\/\/www.gemeinde-rossau.de\/index.php\/barrierefreiheit\/#breadcrumb"},"inLanguage":"de","potentialAction":[{"@type":"ReadAction","target":["https:\/\/www.gemeinde-rossau.de\/index.php\/barrierefreiheit\/"]}]},{"@type":"BreadcrumbList","@id":"https:\/\/www.gemeinde-rossau.de\/index.php\/barrierefreiheit\/#breadcrumb","itemListElement":[{"@type":"ListItem","position":1,"name":"Home","item":"https:\/\/www.gemeinde-rossau.de\/"},{"@type":"ListItem","position":2,"name":"Barrierefreiheit"}]},{"@type":"WebSite","@id":"https:\/\/www.gemeinde-rossau.de\/#website","url":"https:\/\/www.gemeinde-rossau.de\/","name":"Gemeindeverwaltung Rossau","description":"Gemeindeverwaltung Rossau","publisher":{"@id":"https:\/\/www.gemeinde-rossau.de\/#organization"},"potentialAction":[{"@type":"SearchAction","target":{"@type":"EntryPoint","urlTemplate":"https:\/\/www.gemeinde-rossau.de\/?s={search_term_string}"},"query-input":"required name=search_term_string"}],"inLanguage":"de"},{"@type":"Organization","@id":"https:\/\/www.gemeinde-rossau.de\/#organization","name":"Gemeindeverwaltung Rossau","url":"https:\/\/www.gemeinde-rossau.de\/","logo":{"@type":"ImageObject","inLanguage":"de","@id":"https:\/\/www.gemeinde-rossau.de\/#\/schema\/logo\/image\/","url":"https:\/\/www.gemeinde-rossau.de\/wp-content\/uploads\/2019\/06\/Rossau_Navigation-e1574972262765.png","contentUrl":"https:\/\/www.gemeinde-rossau.de\/wp-content\/uploads\/2019\/06\/Rossau_Navigation-e1574972262765.png","width":76,"height":100,"caption":"Gemeindeverwaltung Rossau"},"image":{"@id":"https:\/\/www.gemeinde-rossau.de\/#\/schema\/logo\/image\/"}}]}},"_links":{"self":[{"href":"https:\/\/www.gemeinde-rossau.de\/index.php\/wp-json\/wp\/v2\/pages\/6057"}],"collection":[{"href":"https:\/\/www.gemeinde-rossau.de\/index.php\/wp-json\/wp\/v2\/pages"}],"about":[{"href":"https:\/\/www.gemeinde-rossau.de\/index.php\/wp-json\/wp\/v2\/types\/page"}],"author":[{"embeddable":true,"href":"https:\/\/www.gemeinde-rossau.de\/index.php\/wp-json\/wp\/v2\/users\/5"}],"replies":[{"embeddable":true,"href":"https:\/\/www.gemeinde-rossau.de\/index.php\/wp-json\/wp\/v2\/comments?post=6057"}],"version-history":[{"count":13,"href":"https:\/\/www.gemeinde-rossau.de\/index.php\/wp-json\/wp\/v2\/pages\/6057\/revisions"}],"predecessor-version":[{"id":6254,"href":"https:\/\/www.gemeinde-rossau.de\/index.php\/wp-json\/wp\/v2\/pages\/6057\/revisions\/6254"}],"wp:attachment":[{"href":"https:\/\/www.gemeinde-rossau.de\/index.php\/wp-json\/wp\/v2\/media?parent=6057"}],"curies":[{"name":"wp","href":"https:\/\/api.w.org\/{rel}","templated":true}]}}