{"id":554,"date":"2019-06-14T10:26:18","date_gmt":"2019-06-14T09:26:18","guid":{"rendered":"https:\/\/www.gemeinde-rossau.de\/?page_id=554"},"modified":"2025-11-26T13:11:17","modified_gmt":"2025-11-26T12:11:17","slug":"friedensrichter","status":"publish","type":"page","link":"https:\/\/www.gemeinde-rossau.de\/index.php\/offentliches\/gemeindeverwaltung\/friedensrichter\/","title":{"rendered":"Friedensrichterin"},"content":{"rendered":"\t\t<div data-elementor-type=\"wp-post\" data-elementor-id=\"554\" class=\"elementor elementor-554\">\n\t\t\t\t\t\t<div class=\"elementor-inner\">\n\t\t\t\t<div class=\"elementor-section-wrap\">\n\t\t\t\t\t\t\t\t\t<section class=\"elementor-section elementor-top-section elementor-element elementor-element-7c1c63d elementor-section-boxed elementor-section-height-default elementor-section-height-default\" data-id=\"7c1c63d\" data-element_type=\"section\">\n\t\t\t\t\t\t<div class=\"elementor-container elementor-column-gap-default\">\n\t\t\t\t\t\t\t<div class=\"elementor-row\">\n\t\t\t\t\t<div class=\"elementor-column elementor-col-100 elementor-top-column elementor-element elementor-element-7f8d26f\" data-id=\"7f8d26f\" data-element_type=\"column\">\n\t\t\t<div class=\"elementor-column-wrap elementor-element-populated\">\n\t\t\t\t\t\t\t<div class=\"elementor-widget-wrap\">\n\t\t\t\t\t\t<div class=\"elementor-element elementor-element-7402925 elementor-widget elementor-widget-text-editor\" data-id=\"7402925\" data-element_type=\"widget\" data-widget_type=\"text-editor.default\">\n\t\t\t\t<div class=\"elementor-widget-container\">\n\t\t\t\t\t\t\t\t<div class=\"elementor-text-editor elementor-clearfix\">\n\t\t\t\t<p>Unter dem Motto &#8220;Schlichten statt Richten&#8221; tragen Friedensrichterinnen und Friedensrichter dazu bei, dass Konflikte ohne Einschaltung des Gerichtes gel\u00f6st werden k\u00f6nnen.<\/p><p>Friedensrichterin in unserer Gemeinde ist:<\/p><p><b>\u00a0\u00a0\u00a0\u00a0\u00a0\u00a0\u00a0 Frau Helen Schwarzenberger<\/b><\/p><p>Ansprechpartnerin in der Gemeindeverwaltung Rossau rund um die Verfahrensabl\u00e4ufe und die Erreichbarkeit der Friedensrichterin ist:<\/p><p>\u00a0<b> \u00a0\u00a0\u00a0\u00a0\u00a0 Frau Nicole Thiemer<br \/>\u00a0\u00a0\u00a0\u00a0\u00a0\u00a0\u00a0 Tel.: 03727 984150 <br \/>\u00a0\u00a0\u00a0\u00a0\u00a0\u00a0\u00a0 E-Mail: <a href=\"mailto:meldestelle@gemeinde-rossau.de\">post@gemeinde-rossau.de<\/a><\/b><\/p><p>Frau Schwarzenberger ist f\u00fcr f\u00fcnf Jahre durch den Gemeinderat gew\u00e4hlt und wurde vom Direktor des Amtsgerichtes best\u00e4tigt und vereidigt. Das Amtsgericht \u00fcbt die Aufsicht \u00fcber den Friedensrichter\/innen aus.<\/p><p>Das Amt der Friedensrichterin ist ehrenamtlich.<\/p><p><b>Welche Aufgaben hat ein Friedensrichter?<\/b><\/p><p>Die Aufgabe des Friedensrichters besteht darin, zwischen den streitenden Parteien zu schlichten und somit den Rechtsfrieden wieder herzustellen.<\/p><p>Verfahren vor dem Friedensrichter sind in Privatklagedelikten wie Beleidigung, Hausfriedensbruch, leichter K\u00f6rperverletzung, Bedrohung, Sachbesch\u00e4digung und Verletzung des Briefgeheimnisses obligatorisch vorgeschaltet. Bei diesen Delikten muss nach \u00a7 380 Strafprozessordnung erst ein Schlichtungsverfahren durchgef\u00fchrt werden, bevor die Angelegenheit beim Gericht anh\u00e4ngig gemacht werden kann.<\/p><p>F\u00fcr bestimmte Zivilstreitigkeiten \u2013 zum Beispiel bei nachbarschaftlichen Streitigkeiten \u2013 kann der Friedensrichter ebenfalls in Anspruch genommen werden. Er ist ebenfalls zust\u00e4ndig, wenn es um die Durchsetzung von verm\u00f6gensrechtlichen Anspr\u00fcchen wie Schadensersatz oder Schmerzensgeld geht.<\/p><p><b>Was kostet ein Verfahren und wie ist der Ablauf?<\/b><\/p><p>Das Verfahren vor der Schiedsstelle ist kosteng\u00fcnstig, unb\u00fcrokratisch und zeitsparend. Die Verfahren sind nicht-\u00f6ffentlich und der Friedensrichter ist zur strengsten Verschwiegenheit verpflichtet.<\/p><p>Der Antrag auf Anberaumung einer Schlichtungsverhandlung kann bei dem zust\u00e4ndigen Friedensrichter m\u00fcndlich oder schriftlich gestellt werden. Dieser Antrag muss neben den Angaben zu den Parteien auch den Grund der Beschuldigung\/Forderung enthalten. Es ist in der Regel ein Kostenvorschuss von ca. 40,00 Euro bei der Antragstellung zu entrichten.<\/p><p>\u00a0<\/p><p>Stand: 10\/2025<\/p>\t\t\t\t\t<\/div>\n\t\t\t\t\t\t<\/div>\n\t\t\t\t<\/div>\n\t\t\t\t\t\t<\/div>\n\t\t\t\t\t<\/div>\n\t\t<\/div>\n\t\t\t\t\t\t\t\t<\/div>\n\t\t\t\t\t<\/div>\n\t\t<\/section>\n\t\t\t\t\t\t\t\t\t<\/div>\n\t\t\t<\/div>\n\t\t\t\t\t<\/div>\n\t\t","protected":false},"excerpt":{"rendered":"<p>Unter dem Motto &#8220;Schlichten statt Richten&#8221; tragen Friedensrichterinnen und Friedensrichter dazu bei, dass Konflikte ohne Einschaltung des Gerichtes gel\u00f6st werden k\u00f6nnen. Friedensrichterin in unserer Gemeinde ist: &nbsp;&nbsp;&nbsp;&nbsp;&nbsp;&nbsp;&nbsp; Frau Helen Schwarzenberger Ansprechpartnerin in der Gemeindeverwaltung Rossau rund um die Verfahrensabl\u00e4ufe und die Erreichbarkeit der Friedensrichterin ist: &nbsp; &nbsp;&nbsp;&nbsp;&nbsp;&nbsp; Frau Nicole Thiemer &nbsp;&nbsp;&nbsp;&nbsp;&nbsp;&nbsp;&nbsp; Tel.: 03727 984150 &nbsp;&nbsp;&nbsp;&nbsp;&nbsp;&nbsp;&nbsp; [&hellip;]<\/p>\n","protected":false},"author":1,"featured_media":1105,"parent":382,"menu_order":10,"comment_status":"closed","ping_status":"closed","template":"","meta":{"_expiration-date-status":"","_expiration-date":1764763872,"_expiration-date-type":"draft","_expiration-date-categories":[],"_expiration-date-options":[],"_links_to":"","_links_to_target":""},"acf":[],"yoast_head":"<!-- This site is optimized with the Yoast SEO plugin v19.13 - https:\/\/yoast.com\/wordpress\/plugins\/seo\/ -->\n<title>Friedensrichterin | Gemeindeverwaltung Rossau<\/title>\n<meta name=\"robots\" content=\"index, follow, max-snippet:-1, max-image-preview:large, max-video-preview:-1\" \/>\n<link rel=\"canonical\" href=\"https:\/\/www.gemeinde-rossau.de\/index.php\/offentliches\/gemeindeverwaltung\/friedensrichter\/\" \/>\n<meta property=\"og:locale\" content=\"de_DE\" \/>\n<meta property=\"og:type\" content=\"article\" \/>\n<meta property=\"og:title\" content=\"Friedensrichterin | Gemeindeverwaltung Rossau\" \/>\n<meta property=\"og:description\" content=\"Unter dem Motto &#8220;Schlichten statt Richten&#8221; tragen Friedensrichterinnen und Friedensrichter dazu bei, dass Konflikte ohne Einschaltung des Gerichtes gel\u00f6st werden k\u00f6nnen. Friedensrichterin in unserer Gemeinde ist: &nbsp;&nbsp;&nbsp;&nbsp;&nbsp;&nbsp;&nbsp; Frau Helen Schwarzenberger Ansprechpartnerin in der Gemeindeverwaltung Rossau rund um die Verfahrensabl\u00e4ufe und die Erreichbarkeit der Friedensrichterin ist: &nbsp; &nbsp;&nbsp;&nbsp;&nbsp;&nbsp; Frau Nicole Thiemer &nbsp;&nbsp;&nbsp;&nbsp;&nbsp;&nbsp;&nbsp; Tel.: 03727 984150 &nbsp;&nbsp;&nbsp;&nbsp;&nbsp;&nbsp;&nbsp; [&hellip;]\" \/>\n<meta property=\"og:url\" content=\"https:\/\/www.gemeinde-rossau.de\/index.php\/offentliches\/gemeindeverwaltung\/friedensrichter\/\" \/>\n<meta property=\"og:site_name\" content=\"Gemeindeverwaltung Rossau\" \/>\n<meta property=\"article:modified_time\" content=\"2025-11-26T12:11:17+00:00\" \/>\n<meta property=\"og:image\" content=\"https:\/\/www.gemeinde-rossau.de\/wp-content\/uploads\/2019\/06\/bg-standart.jpg\" \/>\n\t<meta property=\"og:image:width\" content=\"1200\" \/>\n\t<meta property=\"og:image:height\" content=\"675\" \/>\n\t<meta property=\"og:image:type\" content=\"image\/jpeg\" \/>\n<meta name=\"twitter:card\" content=\"summary_large_image\" \/>\n<meta name=\"twitter:label1\" content=\"Gesch\u00e4tzte Lesezeit\" \/>\n\t<meta name=\"twitter:data1\" content=\"2\u00a0Minuten\" \/>\n<script type=\"application\/ld+json\" class=\"yoast-schema-graph\">{\"@context\":\"https:\/\/schema.org\",\"@graph\":[{\"@type\":\"WebPage\",\"@id\":\"https:\/\/www.gemeinde-rossau.de\/index.php\/offentliches\/gemeindeverwaltung\/friedensrichter\/\",\"url\":\"https:\/\/www.gemeinde-rossau.de\/index.php\/offentliches\/gemeindeverwaltung\/friedensrichter\/\",\"name\":\"Friedensrichterin | Gemeindeverwaltung Rossau\",\"isPartOf\":{\"@id\":\"https:\/\/www.gemeinde-rossau.de\/#website\"},\"datePublished\":\"2019-06-14T09:26:18+00:00\",\"dateModified\":\"2025-11-26T12:11:17+00:00\",\"breadcrumb\":{\"@id\":\"https:\/\/www.gemeinde-rossau.de\/index.php\/offentliches\/gemeindeverwaltung\/friedensrichter\/#breadcrumb\"},\"inLanguage\":\"de\",\"potentialAction\":[{\"@type\":\"ReadAction\",\"target\":[\"https:\/\/www.gemeinde-rossau.de\/index.php\/offentliches\/gemeindeverwaltung\/friedensrichter\/\"]}]},{\"@type\":\"BreadcrumbList\",\"@id\":\"https:\/\/www.gemeinde-rossau.de\/index.php\/offentliches\/gemeindeverwaltung\/friedensrichter\/#breadcrumb\",\"itemListElement\":[{\"@type\":\"ListItem\",\"position\":1,\"name\":\"Home\",\"item\":\"https:\/\/www.gemeinde-rossau.de\/\"},{\"@type\":\"ListItem\",\"position\":2,\"name\":\"\u00d6ffentliches\",\"item\":\"https:\/\/www.gemeinde-rossau.de\/index.php\/offentliches\/\"},{\"@type\":\"ListItem\",\"position\":3,\"name\":\"Gemeindeverwaltung\",\"item\":\"https:\/\/www.gemeinde-rossau.de\/index.php\/offentliches\/gemeindeverwaltung\/\"},{\"@type\":\"ListItem\",\"position\":4,\"name\":\"Friedensrichterin\"}]},{\"@type\":\"WebSite\",\"@id\":\"https:\/\/www.gemeinde-rossau.de\/#website\",\"url\":\"https:\/\/www.gemeinde-rossau.de\/\",\"name\":\"Gemeindeverwaltung Rossau\",\"description\":\"Gemeindeverwaltung Rossau\",\"publisher\":{\"@id\":\"https:\/\/www.gemeinde-rossau.de\/#organization\"},\"potentialAction\":[{\"@type\":\"SearchAction\",\"target\":{\"@type\":\"EntryPoint\",\"urlTemplate\":\"https:\/\/www.gemeinde-rossau.de\/?s={search_term_string}\"},\"query-input\":\"required name=search_term_string\"}],\"inLanguage\":\"de\"},{\"@type\":\"Organization\",\"@id\":\"https:\/\/www.gemeinde-rossau.de\/#organization\",\"name\":\"Gemeindeverwaltung Rossau\",\"url\":\"https:\/\/www.gemeinde-rossau.de\/\",\"logo\":{\"@type\":\"ImageObject\",\"inLanguage\":\"de\",\"@id\":\"https:\/\/www.gemeinde-rossau.de\/#\/schema\/logo\/image\/\",\"url\":\"https:\/\/www.gemeinde-rossau.de\/wp-content\/uploads\/2019\/06\/Rossau_Navigation-e1574972262765.png\",\"contentUrl\":\"https:\/\/www.gemeinde-rossau.de\/wp-content\/uploads\/2019\/06\/Rossau_Navigation-e1574972262765.png\",\"width\":76,\"height\":100,\"caption\":\"Gemeindeverwaltung Rossau\"},\"image\":{\"@id\":\"https:\/\/www.gemeinde-rossau.de\/#\/schema\/logo\/image\/\"}}]}<\/script>\n<!-- \/ Yoast SEO plugin. -->","yoast_head_json":{"title":"Friedensrichterin | Gemeindeverwaltung Rossau","robots":{"index":"index","follow":"follow","max-snippet":"max-snippet:-1","max-image-preview":"max-image-preview:large","max-video-preview":"max-video-preview:-1"},"canonical":"https:\/\/www.gemeinde-rossau.de\/index.php\/offentliches\/gemeindeverwaltung\/friedensrichter\/","og_locale":"de_DE","og_type":"article","og_title":"Friedensrichterin | Gemeindeverwaltung Rossau","og_description":"Unter dem Motto &#8220;Schlichten statt Richten&#8221; tragen Friedensrichterinnen und Friedensrichter dazu bei, dass Konflikte ohne Einschaltung des Gerichtes gel\u00f6st werden k\u00f6nnen. Friedensrichterin in unserer Gemeinde ist: &nbsp;&nbsp;&nbsp;&nbsp;&nbsp;&nbsp;&nbsp; Frau Helen Schwarzenberger Ansprechpartnerin in der Gemeindeverwaltung Rossau rund um die Verfahrensabl\u00e4ufe und die Erreichbarkeit der Friedensrichterin ist: &nbsp; &nbsp;&nbsp;&nbsp;&nbsp;&nbsp; Frau Nicole Thiemer &nbsp;&nbsp;&nbsp;&nbsp;&nbsp;&nbsp;&nbsp; Tel.: 03727 984150 &nbsp;&nbsp;&nbsp;&nbsp;&nbsp;&nbsp;&nbsp; [&hellip;]","og_url":"https:\/\/www.gemeinde-rossau.de\/index.php\/offentliches\/gemeindeverwaltung\/friedensrichter\/","og_site_name":"Gemeindeverwaltung Rossau","article_modified_time":"2025-11-26T12:11:17+00:00","og_image":[{"width":1200,"height":675,"url":"https:\/\/www.gemeinde-rossau.de\/wp-content\/uploads\/2019\/06\/bg-standart.jpg","type":"image\/jpeg"}],"twitter_card":"summary_large_image","twitter_misc":{"Gesch\u00e4tzte Lesezeit":"2\u00a0Minuten"},"schema":{"@context":"https:\/\/schema.org","@graph":[{"@type":"WebPage","@id":"https:\/\/www.gemeinde-rossau.de\/index.php\/offentliches\/gemeindeverwaltung\/friedensrichter\/","url":"https:\/\/www.gemeinde-rossau.de\/index.php\/offentliches\/gemeindeverwaltung\/friedensrichter\/","name":"Friedensrichterin | Gemeindeverwaltung Rossau","isPartOf":{"@id":"https:\/\/www.gemeinde-rossau.de\/#website"},"datePublished":"2019-06-14T09:26:18+00:00","dateModified":"2025-11-26T12:11:17+00:00","breadcrumb":{"@id":"https:\/\/www.gemeinde-rossau.de\/index.php\/offentliches\/gemeindeverwaltung\/friedensrichter\/#breadcrumb"},"inLanguage":"de","potentialAction":[{"@type":"ReadAction","target":["https:\/\/www.gemeinde-rossau.de\/index.php\/offentliches\/gemeindeverwaltung\/friedensrichter\/"]}]},{"@type":"BreadcrumbList","@id":"https:\/\/www.gemeinde-rossau.de\/index.php\/offentliches\/gemeindeverwaltung\/friedensrichter\/#breadcrumb","itemListElement":[{"@type":"ListItem","position":1,"name":"Home","item":"https:\/\/www.gemeinde-rossau.de\/"},{"@type":"ListItem","position":2,"name":"\u00d6ffentliches","item":"https:\/\/www.gemeinde-rossau.de\/index.php\/offentliches\/"},{"@type":"ListItem","position":3,"name":"Gemeindeverwaltung","item":"https:\/\/www.gemeinde-rossau.de\/index.php\/offentliches\/gemeindeverwaltung\/"},{"@type":"ListItem","position":4,"name":"Friedensrichterin"}]},{"@type":"WebSite","@id":"https:\/\/www.gemeinde-rossau.de\/#website","url":"https:\/\/www.gemeinde-rossau.de\/","name":"Gemeindeverwaltung Rossau","description":"Gemeindeverwaltung Rossau","publisher":{"@id":"https:\/\/www.gemeinde-rossau.de\/#organization"},"potentialAction":[{"@type":"SearchAction","target":{"@type":"EntryPoint","urlTemplate":"https:\/\/www.gemeinde-rossau.de\/?s={search_term_string}"},"query-input":"required name=search_term_string"}],"inLanguage":"de"},{"@type":"Organization","@id":"https:\/\/www.gemeinde-rossau.de\/#organization","name":"Gemeindeverwaltung Rossau","url":"https:\/\/www.gemeinde-rossau.de\/","logo":{"@type":"ImageObject","inLanguage":"de","@id":"https:\/\/www.gemeinde-rossau.de\/#\/schema\/logo\/image\/","url":"https:\/\/www.gemeinde-rossau.de\/wp-content\/uploads\/2019\/06\/Rossau_Navigation-e1574972262765.png","contentUrl":"https:\/\/www.gemeinde-rossau.de\/wp-content\/uploads\/2019\/06\/Rossau_Navigation-e1574972262765.png","width":76,"height":100,"caption":"Gemeindeverwaltung Rossau"},"image":{"@id":"https:\/\/www.gemeinde-rossau.de\/#\/schema\/logo\/image\/"}}]}},"_links":{"self":[{"href":"https:\/\/www.gemeinde-rossau.de\/index.php\/wp-json\/wp\/v2\/pages\/554"}],"collection":[{"href":"https:\/\/www.gemeinde-rossau.de\/index.php\/wp-json\/wp\/v2\/pages"}],"about":[{"href":"https:\/\/www.gemeinde-rossau.de\/index.php\/wp-json\/wp\/v2\/types\/page"}],"author":[{"embeddable":true,"href":"https:\/\/www.gemeinde-rossau.de\/index.php\/wp-json\/wp\/v2\/users\/1"}],"replies":[{"embeddable":true,"href":"https:\/\/www.gemeinde-rossau.de\/index.php\/wp-json\/wp\/v2\/comments?post=554"}],"version-history":[{"count":16,"href":"https:\/\/www.gemeinde-rossau.de\/index.php\/wp-json\/wp\/v2\/pages\/554\/revisions"}],"predecessor-version":[{"id":43759,"href":"https:\/\/www.gemeinde-rossau.de\/index.php\/wp-json\/wp\/v2\/pages\/554\/revisions\/43759"}],"up":[{"embeddable":true,"href":"https:\/\/www.gemeinde-rossau.de\/index.php\/wp-json\/wp\/v2\/pages\/382"}],"wp:featuredmedia":[{"embeddable":true,"href":"https:\/\/www.gemeinde-rossau.de\/index.php\/wp-json\/wp\/v2\/media\/1105"}],"wp:attachment":[{"href":"https:\/\/www.gemeinde-rossau.de\/index.php\/wp-json\/wp\/v2\/media?parent=554"}],"curies":[{"name":"wp","href":"https:\/\/api.w.org\/{rel}","templated":true}]}}