{"id":4017,"date":"2021-05-27T16:10:40","date_gmt":"2021-05-27T15:10:40","guid":{"rendered":"https:\/\/www.gemeinde-rossau.de\/?page_id=4017"},"modified":"2021-08-10T09:49:45","modified_gmt":"2021-08-10T08:49:45","slug":"breitbandausbau-markterkundung-gestartet","status":"publish","type":"page","link":"https:\/\/www.gemeinde-rossau.de\/index.php\/breitbandausbau-markterkundung-gestartet\/","title":{"rendered":"Breitbandausbau &#8211; Markterkundung gestartet"},"content":{"rendered":"\n<h2 class=\"has-text-align-center wp-block-heading\">Breitbandausbau &#8211; Markterkundung gestartet<\/h2>\n\n\n\n<p>Die Markterkundung zur Feststellung der aktuellen Versorgungslage mit Breitband im Landkreis wurde gestartet und l\u00e4uft bis Mitte Juni. Bis Anfang Juli sollen die Auswertungsergebnisse vorliegen.<\/p>\n\n\n\n<p>Bei der Markterkundung&nbsp;sollen alle Anschlusspunkte (Wohngeb\u00e4ude, Gewerbe und Institutionen) des gesamten Landkreises erfasst und bisherige Daten auf einen einheitlichen Stichtag aktualisiert werden. Ermittelt werden nicht nur die sogenannten \u201ewei\u00dfen Flecken\u201c (Gebiete, die keine Versorgung mit Internetgeschwindigkeiten im Download von 30 Mbit\/s aufweisen), sondern auch die \u201egrauen\u201c (Gebiete, in denen derzeit Internetgeschwindigkeiten im Download von unter 100 Mbit\/s bestehen).<\/p>\n\n\n\n<p>Zus\u00e4tzlich werden bei sogenannten \u201esozio\u00f6konomischen Treibern\u201c Unternehmen mit 3 bis 125 Mitarbeitern auch au\u00dferhalb von Gewerbegebieten ermittelt, bei denen derzeit Internetgeschwindigkeiten bei Up- und Download von 200 Mbit\/s nicht erreicht werden und dar\u00fcber hinaus alle Gewerbestandorte in Gewerbegebieten mit weniger als 500 Mbit\/s im Download.<\/p>\n\n\n\n<p>Mit dieser Ma\u00dfnahme soll gleichzeitig kontrolliert werden, ob und wo die Eigenausbauzusagen der Telekommunikationsunternehmen umgesetzt und eingehalten werden, da der eigenwirtschaftliche Breitbandausbau der Unternehmen gegen\u00fcber dem gef\u00f6rderten Breitbandausbau Vorrang hat. Die Ergebnisse werden im Geoportal des Landkreises im Themenbereich Infrastruktur ver\u00f6ffentlicht und sind f\u00fcr alle B\u00fcrger einsehbar und damit die Aussagen zum Ausbau \u00fcberpr\u00fcfbar.<\/p>\n\n\n\n<p>Bei einem Markterkundungsverfahren (MEV) sind alle im abgefragten Gebiet pr\u00e4senten Telekommunikationsunternehmen gesetzlich verpflichtet, s\u00e4mtliche Anschl\u00fcsse mit Up- und Downloadgeschwindigkeiten sowie die Ausbaupl\u00e4ne f\u00fcr die n\u00e4chsten drei Jahre der durchf\u00fchrenden Beh\u00f6rde innerhalb von acht Wochen zu melden.<\/p>\n\n\n\n<div style=\"height:45px\" aria-hidden=\"true\" class=\"wp-block-spacer\"><\/div>\n\n\n\n<p><strong>Hintergrund:<\/strong><br>Die gef\u00f6rderten Breitbandausbauprojekte die bisher im Landkreisterritorium gestartet wurden, basieren alle auf unterschiedlichen Analysen zu unterschiedlichen Zeitpunkten und in nicht einheitlichen Qualit\u00e4ts- und Dokumentationsstandards. Digitalisierungsprojekte auf dieser Datenbasis sind nicht mehr m\u00f6glich. Auch werden sinnvolle Erg\u00e4nzungsprojekte voraussichtlich nur noch in gebietsk\u00f6rperschafts\u00fcbergreifenden Clusterprojekten erfolgreich zu realisieren sein.<\/p>\n\n\n\n<div style=\"height:43px\" aria-hidden=\"true\" class=\"wp-block-spacer\"><\/div>\n\n\n\n<div class=\"wp-block-buttons is-layout-flex\">\n<div class=\"wp-block-button is-style-outline\"><a class=\"wp-block-button__link has-black-color has-vivid-cyan-blue-background-color has-text-color has-background\" href=\"https:\/\/www.landkreis-mittelsachsen.de\/das-amt\/projekte\/breitband.html\" style=\"border-radius:40px\">Breitband &#8211; Landkreis Mittelsachsen (landkreis-mittelsachsen.de)<\/a><\/div>\n<\/div>\n","protected":false},"excerpt":{"rendered":"<p>Breitbandausbau &#8211; Markterkundung gestartet Die Markterkundung zur Feststellung der aktuellen Versorgungslage mit Breitband im Landkreis wurde gestartet und l\u00e4uft bis Mitte Juni. Bis Anfang Juli sollen die Auswertungsergebnisse vorliegen. Bei der Markterkundung&nbsp;sollen alle Anschlusspunkte (Wohngeb\u00e4ude, Gewerbe und Institutionen) des gesamten Landkreises erfasst und bisherige Daten auf einen einheitlichen Stichtag aktualisiert werden. Ermittelt werden nicht nur [&hellip;]<\/p>\n","protected":false},"author":2,"featured_media":4277,"parent":0,"menu_order":0,"comment_status":"closed","ping_status":"closed","template":"","meta":{"_expiration-date-status":"saved","_expiration-date":0,"_expiration-date-type":"","_expiration-date-categories":[],"_expiration-date-options":[],"_links_to":"","_links_to_target":""},"acf":[],"yoast_head":"<!-- This site is optimized with the Yoast SEO plugin v19.13 - https:\/\/yoast.com\/wordpress\/plugins\/seo\/ -->\n<title>Breitbandausbau - Markterkundung gestartet | Gemeindeverwaltung Rossau<\/title>\n<meta name=\"robots\" content=\"index, follow, max-snippet:-1, max-image-preview:large, max-video-preview:-1\" \/>\n<link rel=\"canonical\" href=\"https:\/\/www.gemeinde-rossau.de\/index.php\/breitbandausbau-markterkundung-gestartet\/\" \/>\n<meta property=\"og:locale\" content=\"de_DE\" \/>\n<meta property=\"og:type\" content=\"article\" \/>\n<meta property=\"og:title\" content=\"Breitbandausbau - Markterkundung gestartet | Gemeindeverwaltung Rossau\" \/>\n<meta property=\"og:description\" content=\"Breitbandausbau &#8211; Markterkundung gestartet Die Markterkundung zur Feststellung der aktuellen Versorgungslage mit Breitband im Landkreis wurde gestartet und l\u00e4uft bis Mitte Juni. Bis Anfang Juli sollen die Auswertungsergebnisse vorliegen. Bei der Markterkundung&nbsp;sollen alle Anschlusspunkte (Wohngeb\u00e4ude, Gewerbe und Institutionen) des gesamten Landkreises erfasst und bisherige Daten auf einen einheitlichen Stichtag aktualisiert werden. Ermittelt werden nicht nur [&hellip;]\" \/>\n<meta property=\"og:url\" content=\"https:\/\/www.gemeinde-rossau.de\/index.php\/breitbandausbau-markterkundung-gestartet\/\" \/>\n<meta property=\"og:site_name\" content=\"Gemeindeverwaltung Rossau\" \/>\n<meta property=\"article:modified_time\" content=\"2021-08-10T08:49:45+00:00\" \/>\n<meta property=\"og:image\" content=\"https:\/\/www.gemeinde-rossau.de\/wp-content\/uploads\/2021\/08\/fiber-4814456_1920.jpg\" \/>\n\t<meta property=\"og:image:width\" content=\"1920\" \/>\n\t<meta property=\"og:image:height\" content=\"1280\" \/>\n\t<meta property=\"og:image:type\" content=\"image\/jpeg\" \/>\n<meta name=\"twitter:card\" content=\"summary_large_image\" \/>\n<meta name=\"twitter:label1\" content=\"Gesch\u00e4tzte Lesezeit\" \/>\n\t<meta name=\"twitter:data1\" content=\"2\u00a0Minuten\" \/>\n<script type=\"application\/ld+json\" class=\"yoast-schema-graph\">{\"@context\":\"https:\/\/schema.org\",\"@graph\":[{\"@type\":\"WebPage\",\"@id\":\"https:\/\/www.gemeinde-rossau.de\/index.php\/breitbandausbau-markterkundung-gestartet\/\",\"url\":\"https:\/\/www.gemeinde-rossau.de\/index.php\/breitbandausbau-markterkundung-gestartet\/\",\"name\":\"Breitbandausbau - Markterkundung gestartet | Gemeindeverwaltung Rossau\",\"isPartOf\":{\"@id\":\"https:\/\/www.gemeinde-rossau.de\/#website\"},\"datePublished\":\"2021-05-27T15:10:40+00:00\",\"dateModified\":\"2021-08-10T08:49:45+00:00\",\"breadcrumb\":{\"@id\":\"https:\/\/www.gemeinde-rossau.de\/index.php\/breitbandausbau-markterkundung-gestartet\/#breadcrumb\"},\"inLanguage\":\"de\",\"potentialAction\":[{\"@type\":\"ReadAction\",\"target\":[\"https:\/\/www.gemeinde-rossau.de\/index.php\/breitbandausbau-markterkundung-gestartet\/\"]}]},{\"@type\":\"BreadcrumbList\",\"@id\":\"https:\/\/www.gemeinde-rossau.de\/index.php\/breitbandausbau-markterkundung-gestartet\/#breadcrumb\",\"itemListElement\":[{\"@type\":\"ListItem\",\"position\":1,\"name\":\"Home\",\"item\":\"https:\/\/www.gemeinde-rossau.de\/\"},{\"@type\":\"ListItem\",\"position\":2,\"name\":\"Breitbandausbau &#8211; Markterkundung gestartet\"}]},{\"@type\":\"WebSite\",\"@id\":\"https:\/\/www.gemeinde-rossau.de\/#website\",\"url\":\"https:\/\/www.gemeinde-rossau.de\/\",\"name\":\"Gemeindeverwaltung Rossau\",\"description\":\"Gemeindeverwaltung Rossau\",\"publisher\":{\"@id\":\"https:\/\/www.gemeinde-rossau.de\/#organization\"},\"potentialAction\":[{\"@type\":\"SearchAction\",\"target\":{\"@type\":\"EntryPoint\",\"urlTemplate\":\"https:\/\/www.gemeinde-rossau.de\/?s={search_term_string}\"},\"query-input\":\"required name=search_term_string\"}],\"inLanguage\":\"de\"},{\"@type\":\"Organization\",\"@id\":\"https:\/\/www.gemeinde-rossau.de\/#organization\",\"name\":\"Gemeindeverwaltung Rossau\",\"url\":\"https:\/\/www.gemeinde-rossau.de\/\",\"logo\":{\"@type\":\"ImageObject\",\"inLanguage\":\"de\",\"@id\":\"https:\/\/www.gemeinde-rossau.de\/#\/schema\/logo\/image\/\",\"url\":\"https:\/\/www.gemeinde-rossau.de\/wp-content\/uploads\/2019\/06\/Rossau_Navigation-e1574972262765.png\",\"contentUrl\":\"https:\/\/www.gemeinde-rossau.de\/wp-content\/uploads\/2019\/06\/Rossau_Navigation-e1574972262765.png\",\"width\":76,\"height\":100,\"caption\":\"Gemeindeverwaltung Rossau\"},\"image\":{\"@id\":\"https:\/\/www.gemeinde-rossau.de\/#\/schema\/logo\/image\/\"}}]}<\/script>\n<!-- \/ Yoast SEO plugin. -->","yoast_head_json":{"title":"Breitbandausbau - Markterkundung gestartet | Gemeindeverwaltung Rossau","robots":{"index":"index","follow":"follow","max-snippet":"max-snippet:-1","max-image-preview":"max-image-preview:large","max-video-preview":"max-video-preview:-1"},"canonical":"https:\/\/www.gemeinde-rossau.de\/index.php\/breitbandausbau-markterkundung-gestartet\/","og_locale":"de_DE","og_type":"article","og_title":"Breitbandausbau - Markterkundung gestartet | Gemeindeverwaltung Rossau","og_description":"Breitbandausbau &#8211; Markterkundung gestartet Die Markterkundung zur Feststellung der aktuellen Versorgungslage mit Breitband im Landkreis wurde gestartet und l\u00e4uft bis Mitte Juni. Bis Anfang Juli sollen die Auswertungsergebnisse vorliegen. Bei der Markterkundung&nbsp;sollen alle Anschlusspunkte (Wohngeb\u00e4ude, Gewerbe und Institutionen) des gesamten Landkreises erfasst und bisherige Daten auf einen einheitlichen Stichtag aktualisiert werden. Ermittelt werden nicht nur [&hellip;]","og_url":"https:\/\/www.gemeinde-rossau.de\/index.php\/breitbandausbau-markterkundung-gestartet\/","og_site_name":"Gemeindeverwaltung Rossau","article_modified_time":"2021-08-10T08:49:45+00:00","og_image":[{"width":1920,"height":1280,"url":"https:\/\/www.gemeinde-rossau.de\/wp-content\/uploads\/2021\/08\/fiber-4814456_1920.jpg","type":"image\/jpeg"}],"twitter_card":"summary_large_image","twitter_misc":{"Gesch\u00e4tzte Lesezeit":"2\u00a0Minuten"},"schema":{"@context":"https:\/\/schema.org","@graph":[{"@type":"WebPage","@id":"https:\/\/www.gemeinde-rossau.de\/index.php\/breitbandausbau-markterkundung-gestartet\/","url":"https:\/\/www.gemeinde-rossau.de\/index.php\/breitbandausbau-markterkundung-gestartet\/","name":"Breitbandausbau - Markterkundung gestartet | Gemeindeverwaltung Rossau","isPartOf":{"@id":"https:\/\/www.gemeinde-rossau.de\/#website"},"datePublished":"2021-05-27T15:10:40+00:00","dateModified":"2021-08-10T08:49:45+00:00","breadcrumb":{"@id":"https:\/\/www.gemeinde-rossau.de\/index.php\/breitbandausbau-markterkundung-gestartet\/#breadcrumb"},"inLanguage":"de","potentialAction":[{"@type":"ReadAction","target":["https:\/\/www.gemeinde-rossau.de\/index.php\/breitbandausbau-markterkundung-gestartet\/"]}]},{"@type":"BreadcrumbList","@id":"https:\/\/www.gemeinde-rossau.de\/index.php\/breitbandausbau-markterkundung-gestartet\/#breadcrumb","itemListElement":[{"@type":"ListItem","position":1,"name":"Home","item":"https:\/\/www.gemeinde-rossau.de\/"},{"@type":"ListItem","position":2,"name":"Breitbandausbau &#8211; Markterkundung gestartet"}]},{"@type":"WebSite","@id":"https:\/\/www.gemeinde-rossau.de\/#website","url":"https:\/\/www.gemeinde-rossau.de\/","name":"Gemeindeverwaltung Rossau","description":"Gemeindeverwaltung Rossau","publisher":{"@id":"https:\/\/www.gemeinde-rossau.de\/#organization"},"potentialAction":[{"@type":"SearchAction","target":{"@type":"EntryPoint","urlTemplate":"https:\/\/www.gemeinde-rossau.de\/?s={search_term_string}"},"query-input":"required name=search_term_string"}],"inLanguage":"de"},{"@type":"Organization","@id":"https:\/\/www.gemeinde-rossau.de\/#organization","name":"Gemeindeverwaltung Rossau","url":"https:\/\/www.gemeinde-rossau.de\/","logo":{"@type":"ImageObject","inLanguage":"de","@id":"https:\/\/www.gemeinde-rossau.de\/#\/schema\/logo\/image\/","url":"https:\/\/www.gemeinde-rossau.de\/wp-content\/uploads\/2019\/06\/Rossau_Navigation-e1574972262765.png","contentUrl":"https:\/\/www.gemeinde-rossau.de\/wp-content\/uploads\/2019\/06\/Rossau_Navigation-e1574972262765.png","width":76,"height":100,"caption":"Gemeindeverwaltung Rossau"},"image":{"@id":"https:\/\/www.gemeinde-rossau.de\/#\/schema\/logo\/image\/"}}]}},"_links":{"self":[{"href":"https:\/\/www.gemeinde-rossau.de\/index.php\/wp-json\/wp\/v2\/pages\/4017"}],"collection":[{"href":"https:\/\/www.gemeinde-rossau.de\/index.php\/wp-json\/wp\/v2\/pages"}],"about":[{"href":"https:\/\/www.gemeinde-rossau.de\/index.php\/wp-json\/wp\/v2\/types\/page"}],"author":[{"embeddable":true,"href":"https:\/\/www.gemeinde-rossau.de\/index.php\/wp-json\/wp\/v2\/users\/2"}],"replies":[{"embeddable":true,"href":"https:\/\/www.gemeinde-rossau.de\/index.php\/wp-json\/wp\/v2\/comments?post=4017"}],"version-history":[{"count":7,"href":"https:\/\/www.gemeinde-rossau.de\/index.php\/wp-json\/wp\/v2\/pages\/4017\/revisions"}],"predecessor-version":[{"id":4279,"href":"https:\/\/www.gemeinde-rossau.de\/index.php\/wp-json\/wp\/v2\/pages\/4017\/revisions\/4279"}],"wp:featuredmedia":[{"embeddable":true,"href":"https:\/\/www.gemeinde-rossau.de\/index.php\/wp-json\/wp\/v2\/media\/4277"}],"wp:attachment":[{"href":"https:\/\/www.gemeinde-rossau.de\/index.php\/wp-json\/wp\/v2\/media?parent=4017"}],"curies":[{"name":"wp","href":"https:\/\/api.w.org\/{rel}","templated":true}]}}