{"id":2111,"date":"2019-09-14T22:02:39","date_gmt":"2019-09-14T22:02:39","guid":{"rendered":"https:\/\/www.gemeinde-rossau.de\/?page_id=2111"},"modified":"2025-07-08T12:27:49","modified_gmt":"2025-07-08T11:27:49","slug":"impressum","status":"publish","type":"page","link":"https:\/\/www.gemeinde-rossau.de\/index.php\/impressum\/","title":{"rendered":"Impressum"},"content":{"rendered":"\t\t<div data-elementor-type=\"wp-page\" data-elementor-id=\"2111\" class=\"elementor elementor-2111\">\n\t\t\t\t\t\t<div class=\"elementor-inner\">\n\t\t\t\t<div class=\"elementor-section-wrap\">\n\t\t\t\t\t\t\t\t\t<section class=\"elementor-section elementor-top-section elementor-element elementor-element-1e1b388 elementor-section-full_width elementor-section-content-middle elementor-section-stretched elementor-section-height-default elementor-section-height-default\" data-id=\"1e1b388\" data-element_type=\"section\" data-settings=\"{&quot;background_background&quot;:&quot;classic&quot;,&quot;stretch_section&quot;:&quot;section-stretched&quot;}\">\n\t\t\t\t\t\t<div class=\"elementor-container elementor-column-gap-default\">\n\t\t\t\t\t\t\t<div class=\"elementor-row\">\n\t\t\t\t\t<div class=\"elementor-column elementor-col-50 elementor-top-column elementor-element elementor-element-f7d162c elementor-hidden-phone\" data-id=\"f7d162c\" data-element_type=\"column\" data-settings=\"{&quot;background_background&quot;:&quot;classic&quot;}\">\n\t\t\t<div class=\"elementor-column-wrap elementor-element-populated\">\n\t\t\t\t\t<div class=\"elementor-background-overlay\"><\/div>\n\t\t\t\t\t\t\t<div class=\"elementor-widget-wrap\">\n\t\t\t\t\t\t<div class=\"elementor-element elementor-element-a578115 elementor-widget elementor-widget-testimonial\" data-id=\"a578115\" data-element_type=\"widget\" data-widget_type=\"testimonial.default\">\n\t\t\t\t<div class=\"elementor-widget-container\">\n\t\t\t\t\t<div class=\"elementor-testimonial-wrapper\">\n\t\t\t\t\t\t\t<div class=\"elementor-testimonial-content\">Impressum<\/div>\n\t\t\t\n\t\t\t\t\t\t<div class=\"elementor-testimonial-meta elementor-has-image elementor-testimonial-image-position-top\">\n\t\t\t\t<div class=\"elementor-testimonial-meta-inner\">\n\t\t\t\t\t\t\t\t\t\t\t<div class=\"elementor-testimonial-image\">\n\t\t\t\t\t\t\t<a href=\"http:\/\/www.gemeinde-rossau.de\" target=\"_blank\"><img decoding=\"async\" width=\"1200\" height=\"675\" src=\"https:\/\/www.gemeinde-rossau.de\/wp-content\/uploads\/2023\/02\/Gemeindeverwaltung-und-Feuerwehr-1200x675.jpg\" class=\"attachment-large size-large wp-image-5639\" alt=\"\" loading=\"lazy\" srcset=\"https:\/\/www.gemeinde-rossau.de\/wp-content\/uploads\/2023\/02\/Gemeindeverwaltung-und-Feuerwehr-1200x675.jpg 1200w, https:\/\/www.gemeinde-rossau.de\/wp-content\/uploads\/2023\/02\/Gemeindeverwaltung-und-Feuerwehr-300x169.jpg 300w, https:\/\/www.gemeinde-rossau.de\/wp-content\/uploads\/2023\/02\/Gemeindeverwaltung-und-Feuerwehr-768x432.jpg 768w, https:\/\/www.gemeinde-rossau.de\/wp-content\/uploads\/2023\/02\/Gemeindeverwaltung-und-Feuerwehr-1536x864.jpg 1536w, https:\/\/www.gemeinde-rossau.de\/wp-content\/uploads\/2023\/02\/Gemeindeverwaltung-und-Feuerwehr-2048x1152.jpg 2048w\" sizes=\"(max-width: 1200px) 100vw, 1200px\" \/><\/a>\t\t\t\t\t\t<\/div>\n\t\t\t\t\t\n\t\t\t\t\t\t\t\t\t\t<div class=\"elementor-testimonial-details\">\n\t\t\t\t\t\t\t\t\t\t\t\t\t\t<a class=\"elementor-testimonial-name\" href=\"http:\/\/www.gemeinde-rossau.de\" target=\"_blank\">Gemeindeverwaltung Rossau<\/a>\n\t\t\t\t\t\t\t\t\t\t\t\t\t\t\t\t\t\t\t<\/div>\n\t\t\t\t\t\t\t\t\t<\/div>\n\t\t\t<\/div>\n\t\t\t\t\t<\/div>\n\t\t\t\t<\/div>\n\t\t\t\t<\/div>\n\t\t\t\t\t\t<\/div>\n\t\t\t\t\t<\/div>\n\t\t<\/div>\n\t\t\t\t<div class=\"elementor-column elementor-col-50 elementor-top-column elementor-element elementor-element-0188e2d elementor-hidden-phone\" data-id=\"0188e2d\" data-element_type=\"column\" data-settings=\"{&quot;background_background&quot;:&quot;classic&quot;}\">\n\t\t\t<div class=\"elementor-column-wrap elementor-element-populated\">\n\t\t\t\t\t<div class=\"elementor-background-overlay\"><\/div>\n\t\t\t\t\t\t\t<div class=\"elementor-widget-wrap\">\n\t\t\t\t\t\t\t\t<\/div>\n\t\t\t\t\t<\/div>\n\t\t<\/div>\n\t\t\t\t\t\t\t\t<\/div>\n\t\t\t\t\t<\/div>\n\t\t<\/section>\n\t\t\t\t<section class=\"elementor-section elementor-top-section elementor-element elementor-element-7f92c0f elementor-section-boxed elementor-section-height-default elementor-section-height-default\" data-id=\"7f92c0f\" data-element_type=\"section\" data-settings=\"{&quot;background_background&quot;:&quot;classic&quot;}\">\n\t\t\t\t\t\t<div class=\"elementor-container elementor-column-gap-no\">\n\t\t\t\t\t\t\t<div class=\"elementor-row\">\n\t\t\t\t\t<div class=\"elementor-column elementor-col-100 elementor-top-column elementor-element elementor-element-b1dcf2c\" data-id=\"b1dcf2c\" data-element_type=\"column\">\n\t\t\t<div class=\"elementor-column-wrap elementor-element-populated\">\n\t\t\t\t\t\t\t<div class=\"elementor-widget-wrap\">\n\t\t\t\t\t\t<div class=\"elementor-element elementor-element-e1e0b2c elementor-widget elementor-widget-text-editor\" data-id=\"e1e0b2c\" data-element_type=\"widget\" data-widget_type=\"text-editor.default\">\n\t\t\t\t<div class=\"elementor-widget-container\">\n\t\t\t\t\t\t\t\t<div class=\"elementor-text-editor elementor-clearfix\">\n\t\t\t\t<p>Redaktioneller Inhalt:<\/p><p>Gemeindeverwaltung Rossau <br \/>OT Niederrossau <br \/>Hauptstra\u00dfe 99 <br \/>09661 Rossau <br \/>Tel.: 0 37 27 \/ 98 41 50 <br \/>Fax: 0 37 27 \/ 98 41 59 <br \/><a class=\"style14\" href=\"mailto:post@gemeinde-rossau.de\"> <span class=\"style28\">E-Mail: post@gemeinde-rossau.de<\/span><\/a><\/p><p>Verantwortlich f\u00fcr den Inhalt: <br \/>Gemeinde Rossau<\/p><p>Die Gemeinde Rossau ist eine K\u00f6rperschaft des \u00d6ffentlichen Rechts.<br \/>Sie wird vertreten durch den B\u00fcrgermeister Herr Dietmar Gottwald.<\/p><p>Angaben gem. \u00a7 5 TMG<\/p><p>Verantwortlicher f\u00fcr journalistisch-redaktionelle Inhalte gem. \u00a7 55 II RstV: <br \/>Redaktion: Frau Rennert amtsblatt@gemeinde-rossau.de<\/p><p>technische Realisierung: <br \/>up.graded concepting<\/p><p><span style=\"text-decoration: underline;\">Fotonachweis:<\/span><\/p><p>Gemeindeverwaltung Rossau<\/p><p>Vielen Dank an Alle Fotografen, die unsere Website mit Ihren Bildern bereichern.<\/p>\t\t\t\t\t<\/div>\n\t\t\t\t\t\t<\/div>\n\t\t\t\t<\/div>\n\t\t\t\t\t\t<\/div>\n\t\t\t\t\t<\/div>\n\t\t<\/div>\n\t\t\t\t\t\t\t\t<\/div>\n\t\t\t\t\t<\/div>\n\t\t<\/section>\n\t\t\t\t\t\t\t\t\t<\/div>\n\t\t\t<\/div>\n\t\t\t\t\t<\/div>\n\t\t","protected":false},"excerpt":{"rendered":"<p>Impressum Gemeindeverwaltung Rossau Redaktioneller Inhalt: Gemeindeverwaltung Rossau OT Niederrossau Hauptstra\u00dfe 99 09661 Rossau Tel.: 0 37 27 \/ 98 41 50 Fax: 0 37 27 \/ 98 41 59 E-Mail: post@gemeinde-rossau.de Verantwortlich f\u00fcr den Inhalt: Gemeinde Rossau Die Gemeinde Rossau ist eine K\u00f6rperschaft des \u00d6ffentlichen Rechts.Sie wird vertreten durch den B\u00fcrgermeister Herr Dietmar Gottwald. Angaben [&hellip;]<\/p>\n","protected":false},"author":1,"featured_media":0,"parent":0,"menu_order":0,"comment_status":"closed","ping_status":"closed","template":"","meta":{"_expiration-date-status":"","_expiration-date":0,"_expiration-date-type":"","_expiration-date-categories":[],"_expiration-date-options":[],"_links_to":"","_links_to_target":""},"acf":[],"yoast_head":"<!-- This site is optimized with the Yoast SEO plugin v19.13 - https:\/\/yoast.com\/wordpress\/plugins\/seo\/ -->\n<title>Impressum | Gemeindeverwaltung Rossau<\/title>\n<meta name=\"robots\" content=\"index, follow, max-snippet:-1, max-image-preview:large, max-video-preview:-1\" \/>\n<link rel=\"canonical\" href=\"https:\/\/www.gemeinde-rossau.de\/index.php\/impressum\/\" \/>\n<meta property=\"og:locale\" content=\"de_DE\" \/>\n<meta property=\"og:type\" content=\"article\" \/>\n<meta property=\"og:title\" content=\"Impressum | Gemeindeverwaltung Rossau\" \/>\n<meta property=\"og:description\" content=\"Impressum Gemeindeverwaltung Rossau Redaktioneller Inhalt: Gemeindeverwaltung Rossau OT Niederrossau Hauptstra\u00dfe 99 09661 Rossau Tel.: 0 37 27 \/ 98 41 50 Fax: 0 37 27 \/ 98 41 59 E-Mail: post@gemeinde-rossau.de Verantwortlich f\u00fcr den Inhalt: Gemeinde Rossau Die Gemeinde Rossau ist eine K\u00f6rperschaft des \u00d6ffentlichen Rechts.Sie wird vertreten durch den B\u00fcrgermeister Herr Dietmar Gottwald. Angaben [&hellip;]\" \/>\n<meta property=\"og:url\" content=\"https:\/\/www.gemeinde-rossau.de\/index.php\/impressum\/\" \/>\n<meta property=\"og:site_name\" content=\"Gemeindeverwaltung Rossau\" \/>\n<meta property=\"article:modified_time\" content=\"2025-07-08T11:27:49+00:00\" \/>\n<meta property=\"og:image\" content=\"https:\/\/www.gemeinde-rossau.de\/wp-content\/uploads\/2023\/02\/Gemeindeverwaltung-und-Feuerwehr-1200x675.jpg\" \/>\n<meta name=\"twitter:card\" content=\"summary_large_image\" \/>\n<meta name=\"twitter:label1\" content=\"Gesch\u00e4tzte Lesezeit\" \/>\n\t<meta name=\"twitter:data1\" content=\"1\u00a0Minute\" \/>\n<script type=\"application\/ld+json\" class=\"yoast-schema-graph\">{\"@context\":\"https:\/\/schema.org\",\"@graph\":[{\"@type\":\"WebPage\",\"@id\":\"https:\/\/www.gemeinde-rossau.de\/index.php\/impressum\/\",\"url\":\"https:\/\/www.gemeinde-rossau.de\/index.php\/impressum\/\",\"name\":\"Impressum | Gemeindeverwaltung Rossau\",\"isPartOf\":{\"@id\":\"https:\/\/www.gemeinde-rossau.de\/#website\"},\"datePublished\":\"2019-09-14T22:02:39+00:00\",\"dateModified\":\"2025-07-08T11:27:49+00:00\",\"breadcrumb\":{\"@id\":\"https:\/\/www.gemeinde-rossau.de\/index.php\/impressum\/#breadcrumb\"},\"inLanguage\":\"de\",\"potentialAction\":[{\"@type\":\"ReadAction\",\"target\":[\"https:\/\/www.gemeinde-rossau.de\/index.php\/impressum\/\"]}]},{\"@type\":\"BreadcrumbList\",\"@id\":\"https:\/\/www.gemeinde-rossau.de\/index.php\/impressum\/#breadcrumb\",\"itemListElement\":[{\"@type\":\"ListItem\",\"position\":1,\"name\":\"Home\",\"item\":\"https:\/\/www.gemeinde-rossau.de\/\"},{\"@type\":\"ListItem\",\"position\":2,\"name\":\"Impressum\"}]},{\"@type\":\"WebSite\",\"@id\":\"https:\/\/www.gemeinde-rossau.de\/#website\",\"url\":\"https:\/\/www.gemeinde-rossau.de\/\",\"name\":\"Gemeindeverwaltung Rossau\",\"description\":\"Gemeindeverwaltung Rossau\",\"publisher\":{\"@id\":\"https:\/\/www.gemeinde-rossau.de\/#organization\"},\"potentialAction\":[{\"@type\":\"SearchAction\",\"target\":{\"@type\":\"EntryPoint\",\"urlTemplate\":\"https:\/\/www.gemeinde-rossau.de\/?s={search_term_string}\"},\"query-input\":\"required name=search_term_string\"}],\"inLanguage\":\"de\"},{\"@type\":\"Organization\",\"@id\":\"https:\/\/www.gemeinde-rossau.de\/#organization\",\"name\":\"Gemeindeverwaltung Rossau\",\"url\":\"https:\/\/www.gemeinde-rossau.de\/\",\"logo\":{\"@type\":\"ImageObject\",\"inLanguage\":\"de\",\"@id\":\"https:\/\/www.gemeinde-rossau.de\/#\/schema\/logo\/image\/\",\"url\":\"https:\/\/www.gemeinde-rossau.de\/wp-content\/uploads\/2019\/06\/Rossau_Navigation-e1574972262765.png\",\"contentUrl\":\"https:\/\/www.gemeinde-rossau.de\/wp-content\/uploads\/2019\/06\/Rossau_Navigation-e1574972262765.png\",\"width\":76,\"height\":100,\"caption\":\"Gemeindeverwaltung Rossau\"},\"image\":{\"@id\":\"https:\/\/www.gemeinde-rossau.de\/#\/schema\/logo\/image\/\"}}]}<\/script>\n<!-- \/ Yoast SEO plugin. -->","yoast_head_json":{"title":"Impressum | Gemeindeverwaltung Rossau","robots":{"index":"index","follow":"follow","max-snippet":"max-snippet:-1","max-image-preview":"max-image-preview:large","max-video-preview":"max-video-preview:-1"},"canonical":"https:\/\/www.gemeinde-rossau.de\/index.php\/impressum\/","og_locale":"de_DE","og_type":"article","og_title":"Impressum | Gemeindeverwaltung Rossau","og_description":"Impressum Gemeindeverwaltung Rossau Redaktioneller Inhalt: Gemeindeverwaltung Rossau OT Niederrossau Hauptstra\u00dfe 99 09661 Rossau Tel.: 0 37 27 \/ 98 41 50 Fax: 0 37 27 \/ 98 41 59 E-Mail: post@gemeinde-rossau.de Verantwortlich f\u00fcr den Inhalt: Gemeinde Rossau Die Gemeinde Rossau ist eine K\u00f6rperschaft des \u00d6ffentlichen Rechts.Sie wird vertreten durch den B\u00fcrgermeister Herr Dietmar Gottwald. Angaben [&hellip;]","og_url":"https:\/\/www.gemeinde-rossau.de\/index.php\/impressum\/","og_site_name":"Gemeindeverwaltung Rossau","article_modified_time":"2025-07-08T11:27:49+00:00","og_image":[{"url":"https:\/\/www.gemeinde-rossau.de\/wp-content\/uploads\/2023\/02\/Gemeindeverwaltung-und-Feuerwehr-1200x675.jpg"}],"twitter_card":"summary_large_image","twitter_misc":{"Gesch\u00e4tzte Lesezeit":"1\u00a0Minute"},"schema":{"@context":"https:\/\/schema.org","@graph":[{"@type":"WebPage","@id":"https:\/\/www.gemeinde-rossau.de\/index.php\/impressum\/","url":"https:\/\/www.gemeinde-rossau.de\/index.php\/impressum\/","name":"Impressum | Gemeindeverwaltung Rossau","isPartOf":{"@id":"https:\/\/www.gemeinde-rossau.de\/#website"},"datePublished":"2019-09-14T22:02:39+00:00","dateModified":"2025-07-08T11:27:49+00:00","breadcrumb":{"@id":"https:\/\/www.gemeinde-rossau.de\/index.php\/impressum\/#breadcrumb"},"inLanguage":"de","potentialAction":[{"@type":"ReadAction","target":["https:\/\/www.gemeinde-rossau.de\/index.php\/impressum\/"]}]},{"@type":"BreadcrumbList","@id":"https:\/\/www.gemeinde-rossau.de\/index.php\/impressum\/#breadcrumb","itemListElement":[{"@type":"ListItem","position":1,"name":"Home","item":"https:\/\/www.gemeinde-rossau.de\/"},{"@type":"ListItem","position":2,"name":"Impressum"}]},{"@type":"WebSite","@id":"https:\/\/www.gemeinde-rossau.de\/#website","url":"https:\/\/www.gemeinde-rossau.de\/","name":"Gemeindeverwaltung Rossau","description":"Gemeindeverwaltung Rossau","publisher":{"@id":"https:\/\/www.gemeinde-rossau.de\/#organization"},"potentialAction":[{"@type":"SearchAction","target":{"@type":"EntryPoint","urlTemplate":"https:\/\/www.gemeinde-rossau.de\/?s={search_term_string}"},"query-input":"required name=search_term_string"}],"inLanguage":"de"},{"@type":"Organization","@id":"https:\/\/www.gemeinde-rossau.de\/#organization","name":"Gemeindeverwaltung Rossau","url":"https:\/\/www.gemeinde-rossau.de\/","logo":{"@type":"ImageObject","inLanguage":"de","@id":"https:\/\/www.gemeinde-rossau.de\/#\/schema\/logo\/image\/","url":"https:\/\/www.gemeinde-rossau.de\/wp-content\/uploads\/2019\/06\/Rossau_Navigation-e1574972262765.png","contentUrl":"https:\/\/www.gemeinde-rossau.de\/wp-content\/uploads\/2019\/06\/Rossau_Navigation-e1574972262765.png","width":76,"height":100,"caption":"Gemeindeverwaltung Rossau"},"image":{"@id":"https:\/\/www.gemeinde-rossau.de\/#\/schema\/logo\/image\/"}}]}},"_links":{"self":[{"href":"https:\/\/www.gemeinde-rossau.de\/index.php\/wp-json\/wp\/v2\/pages\/2111"}],"collection":[{"href":"https:\/\/www.gemeinde-rossau.de\/index.php\/wp-json\/wp\/v2\/pages"}],"about":[{"href":"https:\/\/www.gemeinde-rossau.de\/index.php\/wp-json\/wp\/v2\/types\/page"}],"author":[{"embeddable":true,"href":"https:\/\/www.gemeinde-rossau.de\/index.php\/wp-json\/wp\/v2\/users\/1"}],"replies":[{"embeddable":true,"href":"https:\/\/www.gemeinde-rossau.de\/index.php\/wp-json\/wp\/v2\/comments?post=2111"}],"version-history":[{"count":38,"href":"https:\/\/www.gemeinde-rossau.de\/index.php\/wp-json\/wp\/v2\/pages\/2111\/revisions"}],"predecessor-version":[{"id":43333,"href":"https:\/\/www.gemeinde-rossau.de\/index.php\/wp-json\/wp\/v2\/pages\/2111\/revisions\/43333"}],"wp:attachment":[{"href":"https:\/\/www.gemeinde-rossau.de\/index.php\/wp-json\/wp\/v2\/media?parent=2111"}],"curies":[{"name":"wp","href":"https:\/\/api.w.org\/{rel}","templated":true}]}}